{"id":29006,"date":"2017-07-24T09:36:26","date_gmt":"2017-07-24T07:36:26","guid":{"rendered":"https:\/\/www.logicsantepro.fr\/?page_id=29006"},"modified":"2017-10-23T12:18:35","modified_gmt":"2017-10-23T10:18:35","slug":"medimust","status":"publish","type":"page","link":"https:\/\/www.logicsantepro.fr\/?page_id=29006","title":{"rendered":"Medimust"},"content":{"rendered":"<p>[et_pb_section fb_built=\u00a0\u00bb1&Prime; background_color=\u00a0\u00bbrgba(255,255,255,0)\u00a0\u00bb inner_shadow=\u00a0\u00bbon\u00a0\u00bb _builder_version=\u00a0\u00bb3.0.63&Prime; background_image=\u00a0\u00bbhttps:\/\/www.logicsantepro.fr\/wp-content\/uploads\/2017\/07\/Rolling-Waves.jpg\u00a0\u00bb parallax=\u00a0\u00bbon\u00a0\u00bb custom_padding=\u00a0\u00bb3px|0px|18px|0px\u00a0\u00bb transparent_background=\u00a0\u00bbon\u00a0\u00bb][et_pb_row custom_padding=\u00a0\u00bb3px|0px|15px|0px\u00a0\u00bb _builder_version=\u00a0\u00bb3.0.47&Prime; background_size=\u00a0\u00bbinitial\u00a0\u00bb background_position=\u00a0\u00bbtop_left\u00a0\u00bb background_repeat=\u00a0\u00bbrepeat\u00a0\u00bb _i=\u00a0\u00bb0&Prime; _address=\u00a0\u00bb0.0&Prime;][et_pb_column type=\u00a0\u00bb4_4&Prime; _builder_version=\u00a0\u00bb3.0.47&Prime; parallax=\u00a0\u00bboff\u00a0\u00bb parallax_method=\u00a0\u00bbon\u00a0\u00bb][et_pb_image src=\u00a0\u00bbhttps:\/\/www.logicsantepro.fr\/wp-content\/uploads\/2017\/07\/Logo_MM.png\u00a0\u00bb align=\u00a0\u00bbcenter\u00a0\u00bb _builder_version=\u00a0\u00bb3.0.63&Prime; animation=\u00a0\u00bboff\u00a0\u00bb _i=\u00a0\u00bb0&Prime; _address=\u00a0\u00bb0.0.0.0&Prime;][\/et_pb_image][\/et_pb_column][\/et_pb_row][et_pb_row make_fullwidth=\u00a0\u00bbon\u00a0\u00bb custom_padding=\u00a0\u00bb0px|4px|0px|0px\u00a0\u00bb _builder_version=\u00a0\u00bb3.0.63&Prime; background_size=\u00a0\u00bbinitial\u00a0\u00bb background_position=\u00a0\u00bbtop_left\u00a0\u00bb background_repeat=\u00a0\u00bbrepeat\u00a0\u00bb][et_pb_column type=\u00a0\u00bb1_4&Prime; _builder_version=\u00a0\u00bb3.0.47&Prime; parallax=\u00a0\u00bboff\u00a0\u00bb parallax_method=\u00a0\u00bbon\u00a0\u00bb][\/et_pb_column][et_pb_column type=\u00a0\u00bb1_2&Prime; _builder_version=\u00a0\u00bb3.0.47&Prime; parallax=\u00a0\u00bboff\u00a0\u00bb parallax_method=\u00a0\u00bbon\u00a0\u00bb][et_pb_image src=\u00a0\u00bbhttps:\/\/www.logicsantepro.fr\/wp-content\/uploads\/2017\/07\/Accueil-2016.png\u00a0\u00bb _builder_version=\u00a0\u00bb3.0.63&Prime; animation=\u00a0\u00bboff\u00a0\u00bb _i=\u00a0\u00bb0&Prime; _address=\u00a0\u00bb0.1.1.0&Prime;][\/et_pb_image][\/et_pb_column][et_pb_column type=\u00a0\u00bb1_4&Prime; _builder_version=\u00a0\u00bb3.0.47&Prime; parallax=\u00a0\u00bboff\u00a0\u00bb parallax_method=\u00a0\u00bbon\u00a0\u00bb][\/et_pb_column][\/et_pb_row][\/et_pb_section][et_pb_section fb_built=\u00a0\u00bb1&Prime; _builder_version=\u00a0\u00bb3.0.63&Prime; use_background_color_gradient=\u00a0\u00bbon\u00a0\u00bb background_color_gradient_start=\u00a0\u00bb#ffffff\u00a0\u00bb background_color_gradient_end=\u00a0\u00bbrgba(0,74,193,0.99)\u00a0\u00bb background_color_gradient_direction=\u00a0\u00bb135deg\u00a0\u00bb background_color_gradient_start_position=\u00a0\u00bb8%\u00a0\u00bb custom_padding=\u00a0\u00bb0px|0px|0px|0px\u00a0\u00bb][et_pb_row custom_padding=\u00a0\u00bb17px|0px|0px|0px\u00a0\u00bb _builder_version=\u00a0\u00bb3.0.63&Prime;][et_pb_column type=\u00a0\u00bb1_2&Prime; _builder_version=\u00a0\u00bb3.0.47&Prime; parallax=\u00a0\u00bboff\u00a0\u00bb parallax_method=\u00a0\u00bbon\u00a0\u00bb][et_pb_image src=\u00a0\u00bbhttps:\/\/www.logicsantepro.fr\/wp-content\/uploads\/2017\/07\/Site2014_Labels.png\u00a0\u00bb align=\u00a0\u00bbcenter\u00a0\u00bb _builder_version=\u00a0\u00bb3.0.75&Prime; max_width=\u00a0\u00bb200px\u00a0\u00bb custom_margin=\u00a0\u00bb15px|||\u00a0\u00bb animation=\u00a0\u00bboff\u00a0\u00bb _i=\u00a0\u00bb0&Prime; _address=\u00a0\u00bb1.0.0.0&Prime;][\/et_pb_image][\/et_pb_column][et_pb_column type=\u00a0\u00bb1_2&Prime; _builder_version=\u00a0\u00bb3.0.47&Prime; parallax=\u00a0\u00bboff\u00a0\u00bb parallax_method=\u00a0\u00bbon\u00a0\u00bb][et_pb_text background_layout=\u00a0\u00bbdark\u00a0\u00bb _builder_version=\u00a0\u00bb3.0.63&Prime; inline_fonts=\u00a0\u00bbOpen Sans Light\u00a0\u00bb]<\/p>\n<h2 class=\"titre_accueil\"><strong>Clair, convivial, complet.<\/strong><br \/>\n<strong>D\u00e9couvrez et adoptez M\u00e9dimust<\/strong><\/h2>\n<p>\u00a0<\/p>\n<h3 class=\"ss_titre_accueil\"><\/h3>\n<h3 class=\"ss_titre_accueil\"><\/h3>\n<h3 class=\"ss_titre_accueil\">Depuis 1989, notre \u00e9quipe accompagne les professionnels de sant\u00e9, pourquoi pas vous ?<\/h3>\n<p>[\/et_pb_text][\/et_pb_column][\/et_pb_row][\/et_pb_section][et_pb_section fb_built=\u00a0\u00bb1&Prime; _builder_version=\u00a0\u00bb3.0.63&Prime; custom_padding=\u00a0\u00bb31px|0px|4px|0px\u00a0\u00bb][et_pb_row custom_padding=\u00a0\u00bb0px|0px|32px|0px\u00a0\u00bb _builder_version=\u00a0\u00bb3.0.63&Prime;][et_pb_column type=\u00a0\u00bb1_2&Prime; _builder_version=\u00a0\u00bb3.0.47&Prime; parallax=\u00a0\u00bboff\u00a0\u00bb parallax_method=\u00a0\u00bbon\u00a0\u00bb][et_pb_text _builder_version=\u00a0\u00bb3.0.63&Prime; text_orientation=\u00a0\u00bbcenter\u00a0\u00bb module_alignment=\u00a0\u00bbcenter\u00a0\u00bb]<\/p>\n<div class=\"6u slide-texte\">\n<h2 style=\"text-align: center;\"><strong>La simplicit\u00e9 en action !<\/strong><\/h2>\n<h4 style=\"text-align: justify;\"><strong>Voici la vid\u00e9o de d\u00e9monstration du logiciel M\u00e9dimust.<\/strong><\/h4>\n<p style=\"text-align: justify;\"><strong>Cliquer sur la video\u00a0et laissez vous guider dans une interface \u00e9pur\u00e9e au fil des \u00e9crans complets et lisibles.<\/strong><\/p>\n<p style=\"text-align: justify;\"><strong>M\u00e9dimust est le fruit de 25 ann\u00e9es d&rsquo;innovations au service des professions m\u00e9dicales.<\/strong><\/p>\n<p style=\"text-align: justify;\"><strong>Le r\u00e9sultat ? Un logiciel Mac et PC adapt\u00e9 \u00e0 toutes les sp\u00e9cialit\u00e9s et des fonctions avanc\u00e9es, le tout dans un outils simple \u00e0 utiliser et agr\u00e9able \u00e0 regarder.<\/strong><\/p>\n<\/div>\n<p>[\/et_pb_text][\/et_pb_column][et_pb_column type=\u00a0\u00bb1_2&Prime; _builder_version=\u00a0\u00bb3.0.47&Prime; parallax=\u00a0\u00bboff\u00a0\u00bb parallax_method=\u00a0\u00bbon\u00a0\u00bb][et_pb_video src=\u00a0\u00bbhttps:\/\/youtu.be\/XgKAmA-t6W0&Prime; _builder_version=\u00a0\u00bb3.0.63&Prime;][\/et_pb_video][\/et_pb_column][\/et_pb_row][\/et_pb_section][et_pb_section fb_built=\u00a0\u00bb1&Prime; background_color=\u00a0\u00bbrgba(126,196,234,0.35)\u00a0\u00bb _builder_version=\u00a0\u00bb3.0.63&Prime; custom_padding=\u00a0\u00bb3px|0px|15px|0px\u00a0\u00bb][et_pb_row custom_padding=\u00a0\u00bb21px|0px|10px|0px\u00a0\u00bb _builder_version=\u00a0\u00bb3.0.63&Prime;][et_pb_column type=\u00a0\u00bb1_2&Prime; _builder_version=\u00a0\u00bb3.0.47&Prime; parallax=\u00a0\u00bboff\u00a0\u00bb parallax_method=\u00a0\u00bbon\u00a0\u00bb][et_pb_image src=\u00a0\u00bbhttps:\/\/www.logicsantepro.fr\/wp-content\/uploads\/2017\/07\/pic01.jpg\u00a0\u00bb module_class=\u00a0\u00bbet_animated\u00a0\u00bb _builder_version=\u00a0\u00bb3.0.63&Prime; custom_margin=\u00a0\u00bb90px|||\u00a0\u00bb animation_style=\u00a0\u00bbslide\u00a0\u00bb animation_direction=\u00a0\u00bbleft\u00a0\u00bb animation_duration=\u00a0\u00bb500ms\u00a0\u00bb animation_intensity_slide=\u00a0\u00bb10%\u00a0\u00bb _i=\u00a0\u00bb0&Prime; _address=\u00a0\u00bb3.0.0.0&Prime;][\/et_pb_image][\/et_pb_column][et_pb_column type=\u00a0\u00bb1_2&Prime; _builder_version=\u00a0\u00bb3.0.47&Prime; parallax=\u00a0\u00bboff\u00a0\u00bb parallax_method=\u00a0\u00bbon\u00a0\u00bb][et_pb_text _builder_version=\u00a0\u00bb3.0.63&Prime;]<\/p>\n<h2 style=\"text-align: center;\"><strong>De votre ancien logiciel \u00e0 M\u00e9dimust en toute tranquillit\u00e9<\/strong><\/h2>\n<p style=\"text-align: center;\"><strong>Votre logiciel est compliqu\u00e9, inadapt\u00e9 \u00e0 votre profession ? Changez pour M\u00e9dimust, vous ne le regretterez pas.<\/strong><\/p>\n<h3 style=\"text-align: center;\"><strong>L&rsquo;histoire de vos patients et de vos soins dans un logiciel clair et pratique.<\/strong><\/h3>\n<p style=\"text-align: justify;\"><strong>Avec 20 ans d&rsquo;exp\u00e9rience dans l&rsquo;informatique m\u00e9dicale, M\u00e9dimust devient la r\u00e9f\u00e9rence dans la r\u00e9cup\u00e9ration des donn\u00e9es de vos patients depuis votre ancien logiciel. Si vous choisissez M\u00e9dimust, vous vous assurez de travailler avec un logiciel simple, complet et enrichi de toutes vos saisies ant\u00e9rieures. Le suivi de vos patients devient plus clair et vous gagnez du temps.<\/strong><\/p>\n<p><strong>Avant toute commande du logiciel M\u00e9dimust, nous r\u00e9alisons syst\u00e9matiquement une \u00e9tude gratuite de r\u00e9cup\u00e9ration de vos donn\u00e9es avec l&rsquo;envoi d&rsquo;un rapport complet des informations extraites<\/strong><\/p>\n<p>[\/et_pb_text][\/et_pb_column][\/et_pb_row][\/et_pb_section][et_pb_section fb_built=\u00a0\u00bb1&Prime; _builder_version=\u00a0\u00bb3.0.63&Prime;][et_pb_row _builder_version=\u00a0\u00bb3.0.63&Prime;][et_pb_column type=\u00a0\u00bb1_2&Prime; _builder_version=\u00a0\u00bb3.0.47&Prime; parallax=\u00a0\u00bboff\u00a0\u00bb parallax_method=\u00a0\u00bbon\u00a0\u00bb][et_pb_text _builder_version=\u00a0\u00bb3.0.63&Prime;]<\/p>\n<h2 style=\"text-align: center;\"><\/h2>\n<h2 style=\"text-align: center;\"><\/h2>\n<h2 style=\"text-align: center;\"><strong>M\u00e9dimust 9.34a est certifi\u00e9 selon le r\u00e9f\u00e9rentiel de la H.A.S.<\/strong><\/h2>\n<p style=\"text-align: justify;\"><strong>Le logiciel d\u2019aide a\u0300 la prescription M\u00e9dimust 9.34a certifie\u0301 par essai de type par l\u2019organisme certificateur SGS ICS re\u0301pond aux crite\u0300res de Juin 2008 de la HAS.<\/strong><\/p>\n<p>[\/et_pb_text][\/et_pb_column][et_pb_column type=\u00a0\u00bb1_2&Prime; _builder_version=\u00a0\u00bb3.0.47&Prime; parallax=\u00a0\u00bboff\u00a0\u00bb parallax_method=\u00a0\u00bbon\u00a0\u00bb][et_pb_image src=\u00a0\u00bbhttps:\/\/www.logicsantepro.fr\/wp-content\/uploads\/2017\/07\/pic02.jpg\u00a0\u00bb align=\u00a0\u00bbright\u00a0\u00bb module_class=\u00a0\u00bbet_animated\u00a0\u00bb _builder_version=\u00a0\u00bb3.0.63&Prime; animation_style=\u00a0\u00bbslide\u00a0\u00bb animation_direction=\u00a0\u00bbright\u00a0\u00bb animation_duration=\u00a0\u00bb500ms\u00a0\u00bb animation_intensity_slide=\u00a0\u00bb10%\u00a0\u00bb animation=\u00a0\u00bbright\u00a0\u00bb _i=\u00a0\u00bb0&Prime; _address=\u00a0\u00bb4.0.1.0&Prime;][\/et_pb_image][\/et_pb_column][\/et_pb_row][\/et_pb_section][et_pb_section fb_built=\u00a0\u00bb1&Prime; background_color=\u00a0\u00bbrgba(126,196,234,0.35)\u00a0\u00bb _builder_version=\u00a0\u00bb3.0.63&Prime; custom_padding=\u00a0\u00bb54px|0px|3px|0px\u00a0\u00bb][et_pb_row _builder_version=\u00a0\u00bb3.0.63&Prime;][et_pb_column type=\u00a0\u00bb1_2&Prime; _builder_version=\u00a0\u00bb3.0.47&Prime; parallax=\u00a0\u00bboff\u00a0\u00bb parallax_method=\u00a0\u00bbon\u00a0\u00bb][et_pb_image src=\u00a0\u00bbhttps:\/\/www.logicsantepro.fr\/wp-content\/uploads\/2017\/07\/pic03.jpg\u00a0\u00bb module_class=\u00a0\u00bbet_animated\u00a0\u00bb _builder_version=\u00a0\u00bb3.0.63&Prime; custom_margin=\u00a0\u00bb10px|||\u00a0\u00bb animation_style=\u00a0\u00bbslide\u00a0\u00bb animation_direction=\u00a0\u00bbleft\u00a0\u00bb animation_duration=\u00a0\u00bb500ms\u00a0\u00bb animation_intensity_slide=\u00a0\u00bb10%\u00a0\u00bb _i=\u00a0\u00bb0&Prime; _address=\u00a0\u00bb5.0.0.0&Prime;][\/et_pb_image][\/et_pb_column][et_pb_column type=\u00a0\u00bb1_2&Prime; _builder_version=\u00a0\u00bb3.0.47&Prime; parallax=\u00a0\u00bboff\u00a0\u00bb parallax_method=\u00a0\u00bbon\u00a0\u00bb][et_pb_text _builder_version=\u00a0\u00bb3.0.63&Prime;]<\/p>\n<h2 style=\"text-align: center;\"><strong>M\u00e9dimust re\u00e7oit le label e-sant\u00e9<\/strong><\/h2>\n<p style=\"text-align: center;\"><strong>En devenant \u00ab\u00a0Logiciel Maisons et Centres de Sant\u00e9\u00a0\u00bb, M\u00e9dimust s&rsquo;ouvre aux P\u00f4les m\u00e9dicaux.<\/strong><\/p>\n<h3 style=\"text-align: center;\"><strong>Une certification pour les maisons de sant\u00e9<\/strong><\/h3>\n<p style=\"text-align: justify;\"><strong>Un p\u00f4le de sant\u00e9 est un monde \u00e0 part, et parce que M\u00e9dimust est un logiciel \u00e0 part, il r\u00e9pond aux exigences des professions m\u00e9dicales et param\u00e9dicales. Partager des informations choisies entre les praticiens de la maison de sant\u00e9 est maintenant d&rsquo;une extr\u00eame simplicit\u00e9. En conservant la s\u00e9curit\u00e9 et la confidentialit\u00e9 de vos dossiers patients, M\u00e9dimust am\u00e9liore la communication et le partage au coeur de votre structure.<\/strong><\/p>\n<p>[\/et_pb_text][\/et_pb_column][\/et_pb_row][\/et_pb_section][et_pb_section fb_built=\u00a0\u00bb1&Prime; background_color=\u00a0\u00bb#0c71c3&Prime; admin_label=\u00a0\u00bbsection\u00a0\u00bb _builder_version=\u00a0\u00bb3.0.63&Prime; use_background_color_gradient=\u00a0\u00bbon\u00a0\u00bb background_color_gradient_start=\u00a0\u00bb#ffffff\u00a0\u00bb background_color_gradient_end=\u00a0\u00bbrgba(12,113,195,0.99)\u00a0\u00bb background_color_gradient_direction=\u00a0\u00bb360deg\u00a0\u00bb background_color_gradient_end_position=\u00a0\u00bb48%\u00a0\u00bb background_image=\u00a0\u00bbhttps:\/\/www.logicsantepro.fr\/wp-content\/uploads\/2017\/07\/Rolling-Waves.jpg\u00a0\u00bb custom_padding=\u00a0\u00bb0px|0px|0px|0px\u00a0\u00bb][et_pb_row custom_padding=\u00a0\u00bb21px|0px|27px|0px\u00a0\u00bb column_padding_mobile=\u00a0\u00bbon\u00a0\u00bb admin_label=\u00a0\u00bbrow\u00a0\u00bb _builder_version=\u00a0\u00bb3.0.47&Prime; background_size=\u00a0\u00bbinitial\u00a0\u00bb background_position=\u00a0\u00bbtop_left\u00a0\u00bb background_repeat=\u00a0\u00bbrepeat\u00a0\u00bb _i=\u00a0\u00bb0&Prime; _address=\u00a0\u00bb6.0&Prime;][et_pb_column type=\u00a0\u00bb4_4&Prime; _builder_version=\u00a0\u00bb3.0.47&Prime; column_padding_mobile=\u00a0\u00bbon\u00a0\u00bb parallax=\u00a0\u00bboff\u00a0\u00bb parallax_method=\u00a0\u00bbon\u00a0\u00bb][et_pb_cta title=\u00a0\u00bbPartenaire agr\u00e9\u00e9\u00a0\u00bb button_url=\u00a0\u00bbhttps:\/\/www.logicsantepro.fr\/nous-contacter\u00a0\u00bb button_text=\u00a0\u00bbCLIQUEZ ICI\u00a0\u00bb use_background_color=\u00a0\u00bboff\u00a0\u00bb admin_label=\u00a0\u00bbCall To Action\u00a0\u00bb _builder_version=\u00a0\u00bb3.0.47&Prime; header_font_size=\u00a0\u00bb30px\u00a0\u00bb background_size=\u00a0\u00bbinitial\u00a0\u00bb background_position=\u00a0\u00bbtop_left\u00a0\u00bb background_repeat=\u00a0\u00bbrepeat\u00a0\u00bb custom_button=\u00a0\u00bbon\u00a0\u00bb button_text_size=\u00a0\u00bb16px\u00a0\u00bb button_border_radius=\u00a0\u00bb46px\u00a0\u00bb button_icon=\u00a0\u00bb9&Prime; _i=\u00a0\u00bb0&Prime; _address=\u00a0\u00bb6.0.0.0&Prime;]<\/p>\n<p><span style=\"font-size: large;\">Pour en savoir plus n&rsquo;hesitez pas \u00e0 nous contacter<\/span><\/p>\n<p>[\/et_pb_cta][\/et_pb_column][\/et_pb_row][\/et_pb_section]<\/p>\n","protected":false},"excerpt":{"rendered":"<p>Clair, convivial, complet. D\u00e9couvrez et adoptez M\u00e9dimust \u00a0 Depuis 1989, notre \u00e9quipe accompagne les professionnels de sant\u00e9, pourquoi pas vous ? La simplicit\u00e9 en action ! Voici la vid\u00e9o de d\u00e9monstration du logiciel M\u00e9dimust. Cliquer sur la video\u00a0et laissez vous guider dans une interface \u00e9pur\u00e9e au fil des \u00e9crans complets et lisibles. M\u00e9dimust est le [&hellip;]<\/p>\n","protected":false},"author":1,"featured_media":0,"parent":0,"menu_order":0,"comment_status":"closed","ping_status":"closed","template":"","meta":{"_et_pb_use_builder":"on","_et_pb_old_content":"","_et_gb_content_width":"","footnotes":""},"class_list":["post-29006","page","type-page","status-publish","hentry"],"_links":{"self":[{"href":"https:\/\/www.logicsantepro.fr\/index.php?rest_route=\/wp\/v2\/pages\/29006","targetHints":{"allow":["GET"]}}],"collection":[{"href":"https:\/\/www.logicsantepro.fr\/index.php?rest_route=\/wp\/v2\/pages"}],"about":[{"href":"https:\/\/www.logicsantepro.fr\/index.php?rest_route=\/wp\/v2\/types\/page"}],"author":[{"embeddable":true,"href":"https:\/\/www.logicsantepro.fr\/index.php?rest_route=\/wp\/v2\/users\/1"}],"replies":[{"embeddable":true,"href":"https:\/\/www.logicsantepro.fr\/index.php?rest_route=%2Fwp%2Fv2%2Fcomments&post=29006"}],"version-history":[{"count":23,"href":"https:\/\/www.logicsantepro.fr\/index.php?rest_route=\/wp\/v2\/pages\/29006\/revisions"}],"predecessor-version":[{"id":29122,"href":"https:\/\/www.logicsantepro.fr\/index.php?rest_route=\/wp\/v2\/pages\/29006\/revisions\/29122"}],"wp:attachment":[{"href":"https:\/\/www.logicsantepro.fr\/index.php?rest_route=%2Fwp%2Fv2%2Fmedia&parent=29006"}],"curies":[{"name":"wp","href":"https:\/\/api.w.org\/{rel}","templated":true}]}}